12*((-54)/4)/(-9). Calculate the highest common divisor of c and 69.
23
Let q(j) = 180*j**3 + j**2 + j. Let r be q(1). Calculate the highest common factor of 26 and r.
26
Let h(m) = -m**3 - 4*m**2 - 2*m - 5. Let a be h(-4). Suppose 600 = 2*c + a*c. Calculate the highest common divisor of c and 15.
15
Let m = 23 + -2. What is the greatest common factor of 42 and m?
21
Suppose 15 = 3*y + 2*y. Suppose 36 = t + 4*r, -6*r = -t - y*r + 29. What is the highest common factor of t and 16?
16
Let i be 1/((-1)/(-1))*-8. Let d(c) = -2*c - 4. Let n be d(i). What is the highest common divisor of n and 24?
12
Let x = -348 + 510. What is the highest common factor of x and 18?
18
Let l be -3*2/6 - -5. Suppose -5*y = 4*u - 2*y - 392, -98 = -u - l*y. Calculate the highest common factor of 14 and u.
14
Suppose -o = -161 + 136. What is the greatest common factor of o and 225?
25
Suppose -2*u + 0*u = 96. Let t be ((-12)/u)/(2/24). Calculate the highest common factor of 1 and t.
1
Let l(k) be the first derivative of -k**4/4 + k**3 - k**2/2 + k - 1. Let b be l(2). Suppose -b*r = 2*r - 5. Calculate the greatest common factor of 3 and r.
1
Let t(m) = m**3 + 9*m**2 - m - 9. Let p be t(-7). Calculate the greatest common factor of p and 12.
12
Let x = 7 + -9. Let d(m) = -7*m + 2. Let o be d(x). Calculate the greatest common factor of 4 and o.
4
Let t be 10 + ((-3)/3 - 0)*-1. Calculate the highest common factor of t and 55.
11
Suppose v - 22 = -4*g, -5*v + 4*g - 10 = -4*v. What is the greatest common factor of 6 and v?
6
Suppose -3*k + 7 = -2*t, k = 1 + 2. Calculate the greatest common factor of 11 and t.
1
Let n be (-44)/(-8) + 3/2. Let x be (3 - 0)/(1/7). Calculate the greatest common factor of x and n.
7
Let c be -3*48 - (0 + -1). Let k = -63 - c. Calculate the greatest common divisor of k and 16.
16
Suppose i + 35 = 3*b + 220, 5*i - 2*b = 886. What is the greatest common factor of i and 22?
22
Suppose 2*z - 38 = 14. What is the highest common factor of z and 130?
26
Let d = 59 + -42. Let t = d - 11. What is the greatest common divisor of 30 and t?
6
Let f = 126 + -6. Suppose 0 = -0*h - 5*h + f. Let i be 110/7 + (-4)/(-14). What is the highest common factor of i and h?
8
Let d(r) = -r - 14. Let q be d(-20). Calculate the greatest common divisor of 27 and q.
3
Suppose -5 = -0*d - 5*d. Calculate the highest common factor of 5 and d.
1
Let l(z) = -z**2 - 16*z + 22. Let d be l(-17). Let m = -26 - -81. Calculate the highest common divisor of m and d.
5
Suppose z = 4*z. Suppose l + 2*c - 12 = z, -2*c - 2 = -2*l + 4. Calculate the greatest common factor of l and 15.
3
Let r(u) = -u**2 - 5*u - 3. Let d be r(-4). Let v be (0/(-3))/(d + -2). Suppose -f - 4*f + 450 = v. Calculate the highest common divisor of 9 and f.
9
Suppose 0*z - 10 = -5*z. Suppose 84 = -z*f + 304. What is the highest common divisor of f and 22?
22
Let t(m) = -2*m + 12. Let p be t(9). Let k(b) = -2*b**3 - 8*b**2 + 6*b. Let f be k(p). What is the highest common factor of 12 and f?
12
Suppose d - 5*w + 1 = 0, -4*w + w - 33 = -3*d. Let g = 38 - -74. Calculate the highest common factor of d and g.
14
Suppose 0 = -4*n + 455 + 45. Suppose 3*i - 102 - 48 = 0. What is the highest common divisor of n and i?
25
Let a be (82/4)/(2/4). Let j = 71 - a. What is the greatest common factor of 6 and j?
6
Let z(w) = -w**2 + 24. Let b be z(0). What is the highest common divisor of 48 and b?
24
Let n(o) = 138*o + 6. Let g be n(1). What is the highest common divisor of g and 48?
48
Suppose -87 = -3*v + 3*u, v + 3*u - 6 = 3. Calculate the greatest common divisor of 84 and v.
12
Suppose -o - o + 14 = -2*u, 3*o + 5*u = -19. Suppose 0 = -4*y + o*y - w + 27, 0 = 5*y + 5*w - 60. Calculate the highest common divisor of y and 105.
15
Let k(o) = -26*o + 8. Let p be k(-2). What is the highest common divisor of 40 and p?
20
Let o be 1*3 + 1/(-1). Suppose 32 - 179 = -5*p + q, 63 = o*p + q. What is the greatest common factor of 6 and p?
6
Suppose 0*q + 5*q = -5, -4*q = -3*k + 304. What is the greatest common divisor of k and 40?
20
Let j(r) = -r**2 - 7*r - 4. Let l be j(-6). Suppose -t + 45 = l*a, 45 = t + 3*a - 3. What is the greatest common factor of t and 13?
13
Let y be (-63)/35 + 2/(-10) + 3. Calculate the highest common divisor of 3 and y.
1
Suppose -q - 42 = -4*q. Let u be q/1 - (1 + 1). Suppose 5*x + 3 = -2, -17 = -4*z + x. What is the highest common factor of u and z?
4
Let a be (-1465)/(-11) + 6/(-33). Calculate the highest common factor of a and 19.
19
Let i(p) = p + 4. Let q(l) = -l**2 - 8. Let n be q(0). Let c be i(n). Let o be (-2)/c + 175/10. Calculate the highest common factor of 9 and o.
9
Suppose -3*j + 2 = -j, 2*j = h - 43. Suppose -3*p = -19 + 4. Calculate the highest common divisor of p and h.
5
Suppose -12 = -g + 5*g. Let q = 0 - g. Suppose -o = q*o - 64. What is the highest common divisor of o and 32?
16
Let m(s) = 4*s. Let a be m(-4). Let u = a + 26. Calculate the greatest common factor of u and 90.
10
Let c(f) = -2*f - 3. Let d be c(-3). Let y be 3 - 1 - (0 + -2). Suppose -64 = -y*p + 32. What is the highest common factor of d and p?
3
Suppose -4*a = -3*s + 74, -3*s + 34 + 36 = -5*a. Let h = 141 - 66. Calculate the highest common divisor of s and h.
15
Suppose 5*o - o - 2*q = 60, 5*q = -4*o + 32. Suppose 3*v - 5*v + 286 = 0. What is the highest common factor of v and o?
13
Suppose -3*z + 12 = 3*r, -3*z = -5*z - 5*r + 17. Suppose -5*j + 19 = 4*l, 0 = -3*l + 4*l + 2*j - 7. What is the highest common factor of l and z?
1
Suppose -5*y + 46 = -29. Let s = -18 + 23. Let n(u) = 6*u**2 - 2*u - 5. Let k be n(s). Calculate the highest common factor of k and y.
15
Let f(g) = g**2 - g - 7. Let u be f(0). Let t = u - -9. Calculate the greatest common factor of 5 and t.
1
Let c be (-1 - -1 - 0) + 26. Suppose -2*n = 2*f - 22, 2*f - 6*f + 60 = -4*n. Calculate the greatest common factor of f and c.
13
Let f = 15 + 17. What is the highest common factor of 352 and f?
32
Suppose -3*c + 4*u = -0*c - 223, -309 = -4*c + 3*u. Calculate the highest common factor of c and 9.
9
Let m = 57 + -39. Let q be 2181/15 + (-2)/5. Suppose 125 = 3*z - 2*n, 4*z + 2*n = z + q. What is the greatest common factor of z and m?
9
Let d(s) = s**2 + 8*s + 6. Let g be d(-8). Suppose -g - 4 = -5*u. Calculate the highest common factor of u and 5.
1
Let q be ((-1)/(-3))/((-2)/(-156)). Let b(t) = 4*t**2 + 3*t + 3. Let s be b(-2). Calculate the highest common divisor of s and q.
13
Let n be (-8)/14*(-7)/2. Suppose 0 = -n*w + 101 + 151. Suppose 2*m - 21 - 7 = 0. What is the highest common divisor of w and m?
14
Let f = 0 - 2. Let v be -1 + 0 + (-21 - -2). Let t be (-1315)/v + f/(-8). Calculate the highest common divisor of t and 6.
6
Let c(k) = 22*k**3 + 2*k**2 - 6*k**3 - 1 + 0. Let l be c(1). Let y be (-4)/((-24)/(-561))*-2. Calculate the greatest common divisor of y and l.
17
Let l = -8 + 2. Let v(s) = -s + 6. Let t be v(l). Suppose 0 = -4*o + 3*o + 4*d + 116, -d = -4. What is the greatest common divisor of o and t?
12
Let y be 1/(-2)*132/(-6). What is the greatest common factor of y and 11?
11
Let h(t) = -t + 1. Let y = 5 - 8. Let u be h(y). Suppose 6*x = 4*x + u. Calculate the greatest common divisor of 18 and x.
2
Suppose 0 = -24*c + 1514 - 434. What is the highest common factor of 180 and c?
45
Let j be (-26)/(-6) + 2/3. Suppose 2*r = 4*v, 3*v - 3*r + 2*r = 0. Suppose v*l = l - 5. What is the greatest common divisor of j and l?
5
Let i(j) = -6*j + 2. Suppose 0 = 3*f - 8*f - 15. Let d be i(f). Let k = -38 - -68. What is the highest common divisor of k and d?
10
Let x(k) = -k**3 + 4*k**2 + 7*k - 2. Let c(r) = r + 1. Let z be c(4). Let p be x(z). What is the highest common divisor of 40 and p?
8
Suppose -r = -c - 2 + 1, 0 = -4*c + 5*r - 8. Let i = 2 + c. Suppose -i*w + 269 = a, -3*w - a = -5*a - 166. Calculate the highest common divisor of w and 6.
6
Suppose 4*i - 3 = 3*g, -i - 3 = 4*g + 1. Let u be (-3)/9*363/g. What is the highest common factor of u and 11?
11
Let s be 5 - (-1 - 0/(-1)). Suppose s*g = g + 30. Let j(h) = -h**3 + 9*h**2 - 9*h + 1. Let t be j(7). What is the greatest common factor of t and g?
6
Let b be -3 + 6/(36/138). What is the highest common factor of b and 20?
20
Let n(s) = -11*s - 3. Let m be n(-2). Calculate the highest common factor of m 